{"id":94,"date":"2016-03-15T16:24:36","date_gmt":"2016-03-15T16:24:36","guid":{"rendered":"https:\/\/demos.famethemes.com\/passionate\/?page_id=94"},"modified":"2020-01-23T18:24:08","modified_gmt":"2020-01-23T18:24:08","slug":"about-us","status":"publish","type":"page","link":"https:\/\/dynamicconsulting.com.br\/empresa\/about-us\/","title":{"rendered":"Sobre a Empresa"},"content":{"rendered":"<h2 style=\"text-align: justify;\">Um pouco sobre n\u00f3s<\/h2>\n<p style=\"text-align: justify;\">A Dynamic Consulting procura trabalhar com o que existe de mais moderno em mat\u00e9ria de hardware e software, fazendo da modernidade uma produtiva ferramenta de trabalho de uma equipe bem treinada e capacitada, priorizando as necessidades e objetivos dos clientes, conquistando assim uma rela\u00e7\u00e3o de inteira confian\u00e7a.<\/p>\n<p>A Dynamic Assessoria e Consultoria Empresarial S\/S Ltda, ou simplesmente Dynamic Consulting, nasceu no dia 06\/03\/2001, ap\u00f3s quase 15 anos de trabalhos dedicados ao empresariado paraense. Seu s\u00f3cio majorit\u00e1rio, Contador Marcelo Menezes de Faria, trabalhou durante todo esse tempo como consultor aut\u00f4nomo, quando finalmente decidiu constituir a Dynamic, juntamente com seu pai e s\u00f3cio, T\u00e9cnico em Contabilidade Miguel Archanjo de Faria.<\/p>\n<p>Foram muitos anos de aprimoramento t\u00e9cnico, sempre aliado ao atendimento personalizado que todos merecem, al\u00e9m de investimentos constantes em pessoal, equipamentos, m\u00f3veis e softwares.<\/p>\n<p>Hoje, instalada em sua moderna sede pr\u00f3pria, inaugurada no dia 28 de junho de 2003, a Dynamic Consulting atende em 400 m2 de \u00e1rea privativa.<\/p>\n<p>Contando com uma equipe din\u00e2mica, al\u00e9m de diversos parceiros comerciais, todos aptos para oferecer solu\u00e7\u00f5es empresariais aos mais diversos segmentos da economia, como industrial, comercial e servi\u00e7os.<\/p>\n<p>A Dynamic Consulting atua no mercado de presta\u00e7\u00e3o de servi\u00e7os nas \u00e1reas Cont\u00e1bil, Fiscal, Trabalhista, Assessoria e Organiza\u00e7\u00e3o de Empresas, planejamento tribut\u00e1rio, cursos empresariais, al\u00e9m de ainda contar com o apoio de seus parceiros nas \u00e1reas de Administra\u00e7\u00e3o, Direito, Gest\u00e3o P\u00fablica e Meio-ambiente, de forma profissional e bastante eficiente.<\/p>\n<p>Os servi\u00e7os s\u00e3o os mais variados poss\u00edveis dentro da \u00e1rea empresarial, como a constitui\u00e7\u00e3o de empresas, manuten\u00e7\u00e3o mensal das obriga\u00e7\u00f5es fiscais, cont\u00e1beis e trabalhistas bem como altera\u00e7\u00f5es, transfer\u00eancias, distratos\/cancelamentos, parcelamento de d\u00e9bitos e, o mais importante, contabilidade gerencial, como \u00fanica maneira de demonstrar a real situa\u00e7\u00e3o de um empreendimento, dissecando as informa\u00e7\u00f5es do neg\u00f3cio, enveredando inclusive pela Contabilidade Ambiental.<\/p>\n<p>A busca incessante pela qualidade \u00e9 um dos pilares que norteiam a filosofia da empresa. Para isto mant\u00e9m programas de treinamento e aprimoramento t\u00e9cnico de seus colaboradores buscando incansavelmente a qualidade dos servi\u00e7os que presta, para seguran\u00e7a e tranq\u00fcilidade dos seus clientes.<\/p>\n<p>Objetivando sempre a tranq\u00fcilidade do cliente, o pensamento da Dynamic Consulting \u00e9 de que o empres\u00e1rio deve pensar o seu neg\u00f3cio, e, as quest\u00f5es burocr\u00e1ticas e fiscais devem ser terceirizadas, da\u00ed a sua responsabilidade por esses servi\u00e7os.<\/p>\n<p>Dynamic Consulting, h\u00e1 mais de 20 anos sin\u00f4nimo de solu\u00e7\u00f5es empresariais.<\/p>\n<p><strong>Vis\u00e3o<\/strong><br \/>\nNo futuro ser\u00e1 necess\u00e1ria a compreens\u00e3o de uma sociedade marcada pela din\u00e2mica da velocidade das mudan\u00e7as e da diminui\u00e7\u00e3o das dist\u00e2ncias entre os povos via o permanente desenvolvimento de tecnologias da informa\u00e7\u00e3o e da comunica\u00e7\u00e3o. Ser\u00e1 importante estar preparado para o desafio de identificar necessidades variadas, diversificadas e cada vez mais particulares e, de prontid\u00e3o, combinar recursos produtivos na cria\u00e7\u00e3o, manuten\u00e7\u00e3o e desenvolvimento de empresas verdadeiramente competitivas e capazes de apresentar solu\u00e7\u00f5es a essas necessidades atrav\u00e9s da oferta de bens e servi\u00e7os. Neste contexto econ\u00f4mico e social, as empresas ter\u00e3o que se posicionar com uma vis\u00e3o mundial e uma extrema e perfeita inser\u00e7\u00e3o local. Dever\u00e3o ter como princ\u00edpios norteadores de suas a\u00e7\u00f5es a \u00e9tica, a moral e o desenvolvimento econ\u00f4mico sustent\u00e1vel. A partir da consci\u00eancia de que estas ser\u00e3o as caracter\u00edsticas da sociedade do futuro, n\u00f3s, membros e colaboradores da Dynamic Consulting, estaremos sempre preparados para oferecer solu\u00e7\u00f5es empresariais.<\/p>\n<p><strong>Miss\u00e3o<\/strong><br \/>\nOferecer solu\u00e7\u00f5es empresariais, atrav\u00e9s da consultoria organizacional e em meio ambiente, proporcionando solu\u00e7\u00f5es criativas e espec\u00edficas aos clientes, satisfa\u00e7\u00e3o dos membros e colaboradores e desenvolvimento da sociedade.<\/p>\n<p><strong>Princ\u00edpios Metodol\u00f3gicos<\/strong><br \/>\n&#8211; Consultoria objetiva a solu\u00e7\u00e3o criativa e espec\u00edfica dos problemas do cliente, cabendo ao consultor o papel de agente de suporte t\u00e9cnico e a co-responsabilidade pela condu\u00e7\u00e3o do processo de trabalho;<br \/>\n&#8211; A solu\u00e7\u00e3o de problemas \u00e9 mais eficaz e duradoura quanto mais os problemas e solu\u00e7\u00f5es forem formulados em conjunto com o pr\u00f3prio cliente;<br \/>\n&#8211; O resultado do processo de consultoria \u00e9 fortemente condicionado pela habilidade do consultor de obter o envolvimento e a mais ampla participa\u00e7\u00e3o da equipe do cliente;<br \/>\n&#8211; A vis\u00e3o sist\u00eamica deve prevalecer na an\u00e1lise dos problemas encontrados, por mais &#8220;t\u00e9cnicos&#8221; e isolados que estes possam parecer;<br \/>\n&#8211; Considerar, na formula\u00e7\u00e3o das estrat\u00e9gias que dever\u00e3o orientar os trabalhos propostos, n\u00e3o apenas os objetivos pretendidos com a implementa\u00e7\u00e3o do processo de mudan\u00e7a sist\u00eamica, mas, igualmente, as restri\u00e7\u00f5es e os recursos que podem ser mobilizados e desenvolvidos;<br \/>\n&#8211; Transformar as contribui\u00e7\u00f5es cr\u00edticas da empresa em recursos de mudan\u00e7a, partindo da premissa de que sabe mais e melhor do seu segmento ou sistemas aquele que diretamente o dirige ou executa;<br \/>\n&#8211; N\u00e3o priorizar a concentra\u00e7\u00e3o dos esfor\u00e7os naquilo que \u00e9 muito dif\u00edcil de ser mudado. Nesse sentido, \u00e9 de maior import\u00e2ncia, de in\u00edcio, concentrar os esfor\u00e7os nos pontos sens\u00edveis dos sistemas e processos, aqueles com maior capacidade de rea\u00e7\u00e3o positiva, n\u00e3o perdendo de vista a vis\u00e3o sist\u00eamica da organiza\u00e7\u00e3o.<\/p>\n<p><strong>As Instala\u00e7\u00f5es<\/strong><br \/>\nSede pr\u00f3pria instalada na Travessa En\u00e9as Pinheiro, 1315, pr\u00f3xima \u00e0 RBA, em frente ao Bosque Rodrigues Alves (\u00e1rea de preserva\u00e7\u00e3o ambiental na grande Bel\u00e9m). Comporta uma \u00e1rea de 400 metros quadrados, em um pr\u00e9dio de dois pavimentos.<\/p>\n<p><strong>A Equipe<\/strong><br \/>\nNossa equipe est\u00e1 qualificada para atender todos os aspectos da gest\u00e3o de pessoal com sua intrincada legisla\u00e7\u00e3o trabalhista, al\u00e9m das obriga\u00e7\u00f5es fiscais com seus acess\u00f3rios, e todos as informa\u00e7\u00f5es necess\u00e1rias advindas da contabilidade gerencial, adequando-se \u00e0s suas necessidades empresariais. O assessoramento e a consultoria constante est\u00e3o sempre presentes, pois se busca o aprimoramento da equipe como um todo.<\/p>\n","protected":false},"excerpt":{"rendered":"<p>Um pouco sobre n\u00f3s A Dynamic Consulting procura trabalhar com o que existe de mais moderno em mat\u00e9ria de hardware e software, fazendo da modernidade uma produtiva ferramenta de trabalho de uma equipe bem treinada e capacitada, priorizando as necessidades e objetivos dos clientes, conquistando assim uma rela\u00e7\u00e3o de inteira confian\u00e7a. A Dynamic Assessoria e [&hellip;]<\/p>\n","protected":false},"author":3,"featured_media":0,"parent":0,"menu_order":0,"comment_status":"closed","ping_status":"closed","template":"","meta":[],"_links":{"self":[{"href":"https:\/\/dynamicconsulting.com.br\/empresa\/wp-json\/wp\/v2\/pages\/94"}],"collection":[{"href":"https:\/\/dynamicconsulting.com.br\/empresa\/wp-json\/wp\/v2\/pages"}],"about":[{"href":"https:\/\/dynamicconsulting.com.br\/empresa\/wp-json\/wp\/v2\/types\/page"}],"author":[{"embeddable":true,"href":"https:\/\/dynamicconsulting.com.br\/empresa\/wp-json\/wp\/v2\/users\/3"}],"replies":[{"embeddable":true,"href":"https:\/\/dynamicconsulting.com.br\/empresa\/wp-json\/wp\/v2\/comments?post=94"}],"version-history":[{"count":6,"href":"https:\/\/dynamicconsulting.com.br\/empresa\/wp-json\/wp\/v2\/pages\/94\/revisions"}],"predecessor-version":[{"id":310,"href":"https:\/\/dynamicconsulting.com.br\/empresa\/wp-json\/wp\/v2\/pages\/94\/revisions\/310"}],"wp:attachment":[{"href":"https:\/\/dynamicconsulting.com.br\/empresa\/wp-json\/wp\/v2\/media?parent=94"}],"curies":[{"name":"wp","href":"https:\/\/api.w.org\/{rel}","templated":true}]}}