{"id":24,"date":"2016-03-15T11:16:44","date_gmt":"2016-03-15T11:16:44","guid":{"rendered":"https:\/\/demos.famethemes.com\/passionate\/?page_id=24"},"modified":"2020-01-15T16:28:49","modified_gmt":"2020-01-15T16:28:49","slug":"seo-optimized","status":"publish","type":"page","link":"https:\/\/dynamicconsulting.com.br\/empresa\/seo-optimized\/","title":{"rendered":"Relat\u00f3rios Cont\u00e1beis e Gerenciais"},"content":{"rendered":"<p style=\"text-align: justify;\">Relat\u00f3rios cont\u00e1beis s\u00e3o documentos que descrevem, com dados t\u00e9cnicos, todas as informa\u00e7\u00f5es colhidas pelos setores de contabilidade das empresas. Nesses registros, est\u00e3o inclusos todos os valores de despesas, custos e impostos devidos ou pagos.<\/p>\n<p style=\"text-align: justify;\">Geralmente, os relat\u00f3rios s\u00e3o feitos mensalmente, trimestralmente ou anualmente \u2014 essa frequ\u00eancia varia de acordo com as normas estipuladas pelos estabelecimentos. Para que possam ser acessadas sempre que houver necessidade, essas informa\u00e7\u00f5es podem ser impressas, ou permanecerem armazenadas em arquivos digitais.<\/p>\n<p style=\"text-align: justify;\">Qual a import\u00e2ncia desses relat\u00f3rios?<br \/>\nTodos os relat\u00f3rios cont\u00e1beis s\u00e3o importantes para avaliar a sa\u00fade financeira da empresa. Afinal, s\u00e3o eles que resumem todas as informa\u00e7\u00f5es de uma forma organizada e confi\u00e1vel.<\/p>\n<p style=\"text-align: justify;\">Sem esse controle, um gestor coloca em risco o sucesso de sua administra\u00e7\u00e3o. Por isso, ele deve analis\u00e1-los com muita cautela e aten\u00e7\u00e3o.<\/p>\n<p>(flua.com.br)<\/p>\n","protected":false},"excerpt":{"rendered":"<p>Relat\u00f3rios cont\u00e1beis s\u00e3o documentos que descrevem, com dados t\u00e9cnicos, todas as informa\u00e7\u00f5es colhidas pelos setores de contabilidade das empresas. Nesses registros, est\u00e3o inclusos todos os valores de despesas, custos e impostos devidos ou pagos. Geralmente, os relat\u00f3rios s\u00e3o feitos mensalmente, trimestralmente ou anualmente \u2014 essa frequ\u00eancia varia de acordo com as normas estipuladas pelos estabelecimentos. [&hellip;]<\/p>\n","protected":false},"author":3,"featured_media":25,"parent":0,"menu_order":0,"comment_status":"closed","ping_status":"closed","template":"","meta":[],"_links":{"self":[{"href":"https:\/\/dynamicconsulting.com.br\/empresa\/wp-json\/wp\/v2\/pages\/24"}],"collection":[{"href":"https:\/\/dynamicconsulting.com.br\/empresa\/wp-json\/wp\/v2\/pages"}],"about":[{"href":"https:\/\/dynamicconsulting.com.br\/empresa\/wp-json\/wp\/v2\/types\/page"}],"author":[{"embeddable":true,"href":"https:\/\/dynamicconsulting.com.br\/empresa\/wp-json\/wp\/v2\/users\/3"}],"replies":[{"embeddable":true,"href":"https:\/\/dynamicconsulting.com.br\/empresa\/wp-json\/wp\/v2\/comments?post=24"}],"version-history":[{"count":2,"href":"https:\/\/dynamicconsulting.com.br\/empresa\/wp-json\/wp\/v2\/pages\/24\/revisions"}],"predecessor-version":[{"id":267,"href":"https:\/\/dynamicconsulting.com.br\/empresa\/wp-json\/wp\/v2\/pages\/24\/revisions\/267"}],"wp:featuredmedia":[{"embeddable":true,"href":"https:\/\/dynamicconsulting.com.br\/empresa\/wp-json\/wp\/v2\/media\/25"}],"wp:attachment":[{"href":"https:\/\/dynamicconsulting.com.br\/empresa\/wp-json\/wp\/v2\/media?parent=24"}],"curies":[{"name":"wp","href":"https:\/\/api.w.org\/{rel}","templated":true}]}}